{"id":5,"date":"2010-05-20T11:54:36","date_gmt":"2010-05-20T09:54:36","guid":{"rendered":"http:\/\/aksluzby.cz\/?page_id=5"},"modified":"2022-08-31T11:08:51","modified_gmt":"2022-08-31T09:08:51","slug":"kontakt","status":"publish","type":"page","link":"https:\/\/aksluzby.cz\/?page_id=5","title":{"rendered":"Kontakty"},"content":{"rendered":"<p><strong>Mgr. Petra Proke\u0161ov\u00e1, <\/strong>advok\u00e1tka<\/p>\n<p>Kancel\u00e1\u0159:<br \/>\nWashingtonova 17, 110 00 Praha 1<\/p>\n<p>I\u010c: 71462074<\/p>\n<p>Tel: +420 605 238 653<\/p>\n<p>Email: <a href=\"mailto:prokesova@aksluzby.cz\">prokesova@aksluzby.cz<\/a><\/p>\n<p><small><a style=\"color: #0000ff; text-align: left;\" href=\"http:\/\/maps.google.com\/maps?f=q&amp;hl=en&amp;geocode=&amp;q=Washingtonova+1599%2F17,+Nov%C3%A9+M%C4%9Bsto,+110+00+Prague+1,+Czech+Republic&amp;sll=37.0625,-95.677068&amp;sspn=27.089481,67.763672&amp;ie=UTF8&amp;hq=&amp;hnear=Washingtonova+1599%2F17,+110+00+Prague+1-Nov%C3%A9+M%C4%9Bsto,+Czech+Republic&amp;layer=c&amp;cbll=50.08158,14.431922&amp;panoid=aVnsHwudPawvbdpwnNpVPw&amp;cbp=12,310.43,,0,-11.49&amp;source=embed&amp;ll=50.081677,14.432002&amp;spn=0.010685,0.033088&amp;z=14\">View Larger Map<\/a><\/small><\/p>\n","protected":false},"excerpt":{"rendered":"<p>Mgr. Petra Proke\u0161ov\u00e1, advok\u00e1tka Kancel\u00e1\u0159: Washingtonova 17, 110 00 Praha 1 I\u010c: 71462074 Tel: +420 605 238 653 Email: prokesova@aksluzby.cz View Larger Map<\/p>\n","protected":false},"author":1,"featured_media":0,"parent":0,"menu_order":10,"comment_status":"closed","ping_status":"closed","template":"","meta":{"footnotes":""},"class_list":["post-5","page","type-page","status-publish","hentry"],"_links":{"self":[{"href":"https:\/\/aksluzby.cz\/index.php?rest_route=\/wp\/v2\/pages\/5","targetHints":{"allow":["GET"]}}],"collection":[{"href":"https:\/\/aksluzby.cz\/index.php?rest_route=\/wp\/v2\/pages"}],"about":[{"href":"https:\/\/aksluzby.cz\/index.php?rest_route=\/wp\/v2\/types\/page"}],"author":[{"embeddable":true,"href":"https:\/\/aksluzby.cz\/index.php?rest_route=\/wp\/v2\/users\/1"}],"replies":[{"embeddable":true,"href":"https:\/\/aksluzby.cz\/index.php?rest_route=%2Fwp%2Fv2%2Fcomments&post=5"}],"version-history":[{"count":41,"href":"https:\/\/aksluzby.cz\/index.php?rest_route=\/wp\/v2\/pages\/5\/revisions"}],"predecessor-version":[{"id":3364,"href":"https:\/\/aksluzby.cz\/index.php?rest_route=\/wp\/v2\/pages\/5\/revisions\/3364"}],"wp:attachment":[{"href":"https:\/\/aksluzby.cz\/index.php?rest_route=%2Fwp%2Fv2%2Fmedia&parent=5"}],"curies":[{"name":"wp","href":"https:\/\/api.w.org\/{rel}","templated":true}]}}